uppose -3*d = -4*d + y. What are the prime factors of d?
2, 3
Suppose a = -5*d + 56, 2*a - a + d = 48. What are the prime factors of a?
2, 23
Let t(w) = -4 + 2*w + 3*w - 2*w. What are the prime factors of t(3)?
5
Suppose r = i + 3 + 5, -8 = 4*i + 4*r. What are the prime factors of 504/45 + 1/i?
11
Let k(v) = -v - 4. Let p be k(0). Let r = 18 + p. What are the prime factors of r?
2, 7
Suppose 6*y - 4 = 5*y. Suppose c - 6*h = -3*h + 9, y*c - 4*h - 52 = 0. List the prime factors of c.
3, 5
Suppose r = 1 + 1. Suppose -4*h - 4*x = -44, -r*h + 16 + 8 = 3*x. What are the prime factors of h?
3
Let o = 290 - 110. List the prime factors of o.
2, 3, 5
Let c = 76 - 45. What are the prime factors of c?
31
Let v = -33 - -55. Let z = -37 + 52. Let n = v - z. What are the prime factors of n?
7
Let s be 51/7 + 6/(-21). Suppose -4*q + s = -1. Suppose n - 13 = -q*n + 5*r, -5*n + 32 = 2*r. List the prime factors of n.
2, 3
What are the prime factors of ((-2)/(-1))/1 - -14?
2
Suppose -z - 10 = -3*z. Let c(s) = s**2 - 5*s + 5. Let v be c(z). Suppose 0 = v*h - 114 + 29. List the prime factors of h.
17
Let j(n) = -28*n**2 - 13. Let x(b) = 14*b**2 + 7. Let s(w) = -6*j(w) - 11*x(w). Let c = -3 + 2. What are the prime factors of s(c)?
3, 5
Let u be 3/(-2)*(-6 + 8). Let v(f) = -f**3 - f**2 - 1. List the prime factors of v(u).
17
Let a be 11/(-2) - (-4)/(-8). Let f be 3/9 + (-16)/a. List the prime factors of (-35)/(-3) - f/(-9).
2, 3
Let y(t) be the second derivative of -t**4/12 - t**3 - 2*t**2 - 2*t. Suppose 3*g + 0 = -12. List the prime factors of y(g).
2
Suppose -f - 2*f = -90. Let a = 4 - 1. Suppose f + 6 = a*m. What are the prime factors of m?
2, 3
Let q = 2 + -5. Let y = q - -9. What are the prime factors of y?
2, 3
Let o = 93 + -54. List the prime factors of o.
3, 13
Suppose -3*i - 3*h = -138, 0*i + 3*i + h - 148 = 0. Let x be i/2 - (-2)/(-4). Suppose -4*z - 8 = 0, -a = 2*a + 4*z - x. What are the prime factors of a?
11
Let d = -5 - -6. Suppose -d = -2*w + 11. What are the prime factors of w?
2, 3
Let b(d) = -70*d**3 - d - 2. What are the prime factors of b(-1)?
3, 23
Suppose -h + 0*h = -5*z - 318, 0 = 2*h - 6. Let y = z - -108. List the prime factors of y.
3, 5
List the prime factors of 2/(-6)*-6 + 74.
2, 19
Let b(z) = z**3 + 7*z**2 + 4*z - 8. Let n = -1 - -4. Suppose n*d - 24 = 7*d. What are the prime factors of b(d)?
2
Suppose 0 = -3*s + 3*a + 69, 5*a + 0*a - 145 = -5*s. What are the prime factors of s?
2, 13
Let y be (-5)/(-4) - (-6)/8. Suppose y*f = -f + 27. List the prime factors of f.
3
Let k = -1 - -3. What are the prime factors of 6 - k - (4 - 3)?
3
Suppose -j - 3*u = -0*j - 5, -6 = 2*u. Let m = 3 - 1. Suppose -3*r + 3*y = r - 25, m*y = 2*r - j. List the prime factors of r.
2
Let h be 10/(-55) + (-40)/22. Let f = h + 4. Let g(u) = 4*u - 1. What are the prime factors of g(f)?
7
Let f(a) = -6*a + 3 - 4 + a. List the prime factors of f(-5).
2, 3
Let d(n) = 5*n**2 + 10. Let c(j) = 14*j**2 - j + 29. Let u(p) = 6*c(p) - 17*d(p). What are the prime factors of u(-4)?
2, 3
Suppose 5*g + 81 - 11 = 0. Let s(o) = o**2 + 10*o - 15. List the prime factors of s(g).
41
Suppose 5*h + 2*v = 898, v - 2*v - 1 = 0. Suppose -h = -5*m - 5*n, -4*m - 7 = -4*n - 167. List the prime factors of m.
2, 19
Let a = 10 - 7. Suppose -g - 45 = 5*k, a*g + k + 192 = 5*k. List the prime factors of ((-6)/(-4))/((-9)/g).
2, 5
Suppose 5*q - 2*r - 12 = -r, -3*r = -5*q + 6. Let h be (-2)/((q/(-14))/3). Suppose 8*o - 4*o - h = 0. What are the prime factors of o?
7
Suppose 5*u = 9*u - 96. Suppose -x + 2 = -u. What are the prime factors of x?
2, 13
Suppose -4 - 5 = j. Let a(o) = -7*o + 3. Let z(r) = -15*r + 6. Let q(k) = 13*a(k) - 6*z(k). List the prime factors of q(j).
2, 3
Suppose 0 = 3*h - 6*h + 9. Suppose -h*o - 23 = -4*o. List the prime factors of o.
23
Let z be 2/(-7) + 798/49. Let n = 38 - z. What are the prime factors of n?
2, 11
What are the prime factors of (0 + 4)/(3/123)?
2, 41
Suppose -6*r - r + 567 = 0. What are the prime factors of r?
3
Let h = 26 - -2. Let k = -14 + h. What are the prime factors of k?
2, 7
Let f = -43 - -75. List the prime factors of f.
2
Let f be (1 - (-22)/(-1)) + -2. Let g = 45 + f. List the prime factors of g.
2, 11
Let n be ((-1)/(-3) + -2)*3. Let c be 5/(-4) + (-2 - 30/(-24)). Let h = c - n. What are the prime factors of h?
3
Let s be 1*-2*2/4. Let c = 1 - s. Suppose 5*w - 4*d = 50, 11 - 1 = c*d. List the prime factors of w.
2, 7
Let k = 8 + -3. Suppose -w = -k*r - 45, -r + 16 + 59 = 4*w. Suppose -n = 4*n - 3*j - 115, 0 = -2*n - 4*j + w. What are the prime factors of n?
2, 5
Suppose 0*c = 4*c. Suppose y - 6 = 2*g, -3*g + c*g = 5*y + 22. Let u(a) = a**2 + a - 4. List the prime factors of u(g).
2
Suppose -6*t = -t - 295. List the prime factors of t.
59
Let l(g) = 2. Let d(y) = y. Let b(x) = -2*d(x) - 2*l(x). List the prime factors of b(-3).
2
Let n be (-3 + -1)*(-3)/12. Suppose 0 = -y + n + 2. Suppose -16 = -y*x + 5*k, x + 6 = -7*k + 3*k. List the prime factors of x.
2
Let a(k) = -3*k**3 - 13*k**2 + 9*k + 10. What are the prime factors of a(-6)?
2, 17
Let m(u) = 55*u**2 + u + 1. Let p be m(-1). Suppose 4*v + 1 = 17. Suppose -t = v*r + r - 50, -5*r - 2*t = -p. List the prime factors of r.
3
Let j be (255/18 - 5) + 1/(-6). Let c(l) = 7*l**2 + 9*l + 7*l**2 - l**3 + 12 - 6*l**2. List the prime factors of c(j).
2, 3
Let o(l) = -2*l + 2. Let v be o(3). Let c = v - -8. Let b = 6 - c. List the prime factors of b.
2
Suppose 3*m - 45 = -4*y + 63, 0 = -y - 3*m + 27. List the prime factors of y.
3
Suppose h + 0*x = -3*x + 3, -5*h = x - 15. What are the prime factors of h?
3
Let y = -35 + 65. List the prime factors of y.
2, 3, 5
Let c(s) = s + 10. Suppose -z - 27 = 2*z. Let i be c(z). List the prime factors of i - (1*18)/(-3).
7
Let x(z) = z**3 + 8*z**2 + 8*z + 15. List the prime factors of x(-6).
3, 13
Suppose 2*q + 69 + 11 = 0. What are the prime factors of q/(-15)*3/2?
2
Suppose -414 = -10*a + 7*a. List the prime factors of a.
2, 3, 23
Let f = -89 + 29. Let w = f - -120. What are the prime factors of w?
2, 3, 5
Let s be (-6)/2 + (9 - -1). Let z = 12 - s. Suppose -4*w = -z*q + 92, -3*q - 5*w + 2*w + 66 = 0. List the prime factors of q.
2, 5
Suppose o = 5*a - 18, -2*o + 20 = a + 3*a. Suppose 3*g = -3*s + 12, -4*g - 16 = o*s - 40. List the prime factors of g.
2
Let z = 12 - 7. Suppose z*y - 5*n - 13 + 3 = 0, -18 = -y - 3*n. List the prime factors of y.
2, 3
Suppose f + 3*f - 12 = 0. Let r(v) = -5*v + v**f - v - 7*v**2 - 5 + 0*v + 4*v**2. What are the prime factors of r(5)?
3, 5
Let x be 0/2 + -1 + -1. Suppose -f + 4*f = 0. List the prime factors of 2*(f - 1 - x).
2
Let q be 2 + -3 + 3 + 1. Suppose 2*d - d - 2*x = -q, -d = -3*x + 1. List the prime factors of (3 + 4)*(-10)/d.
2, 5
Suppose -m - 11*m = -1092. What are the prime factors of m?
7, 13
Let n(j) = j**2 - 4*j + 4. List the prime factors of n(-6).
2
Let h = 11 - 15. Let r = 7 + h. Suppose r*d - 9 = -0*d. List the prime factors of d.
3
Suppose -2*o + 39 - 1 = 0. List the prime factors of o.
19
What are the prime factors of 45/10 - (-3)/(-6)?
2
Let s(y) = y**3 + 4*y**2 + 2*y + 1. Let d be s(-3). Suppose d*j - 2*j = -5*c + 28, 4*c + 5*j = 36. What are the prime factors of c?
2
Suppose 3*c - 4*x + 19 = x, 4*c - x - 3 = 0. Suppose c*f = 11 + 9. Let q = f - 8. What are the prime factors of q?
2
Suppose -7 = -3*x - 16. Let j(h) = 2*h**2 + 5*h + 2. List the prime factors of j(x).
5
Let p(j) be the first derivative of -j**3/3 - j**2/2 + 4*j - 2. Let y be p(0). Suppose 2*d - y*d = -20. List the prime factors of d.
2, 5
Suppose x + 3*t = -x + 52, x - t - 21 = 0. What are the prime factors of x?
23
Let t(v) = v**3 + 5*v**2 - 3*v + 3. Let a = -5 + 0. List the prime factors of t(a).
2, 3
Let k be ((-2 - -1)*-3)/1. Suppose 2*n = 19 + k. List the prime factors of n.
11
Let t(r) = -r**3 + 7*r**2 + 9*r + 7. List the prime factors of t(8).
3, 5
Let i(v) be the third derivative of -5/6*v**3 + 0*v + 0 + 1/60*v**5 + 1/12*v**4 - v**2. What are the prime factors of i(-4)?
3
Let k = 1 + 1. Suppose -4 = -v + k. What are the prime factors of v?
2, 3
Let a = 49 + 39. What are the prime factors of a?
2, 11
Suppose 211 = 4*g - 3*y, -g + 3*y + 8 = -38. List the prime factors of g.
5, 11
Let g = 5 - 2. Suppose -5*x + 52 = g*u, -5*u + 30 = 10. What a